{"id":760,"date":"2019-07-09T13:28:46","date_gmt":"2019-07-09T11:28:46","guid":{"rendered":"https:\/\/www.combell.com\/fr\/help\/?post_type=ht_kb&#038;p=760"},"modified":"2021-03-16T15:21:03","modified_gmt":"2021-03-16T14:21:03","slug":"comment-puis-je-utiliser-des-tags","status":"publish","type":"ht_kb","link":"https:\/\/www.combell.com\/fr\/help\/kb\/comment-puis-je-utiliser-des-tags\/","title":{"rendered":"Ajouter des \u00e9tiquettes \u00e0 vos produits"},"content":{"rendered":"<p>Les tags sont des \u00e9tiquettes que vous pouvez attribuer \u00e0 vos produits pour faciliter leur gestion.<\/p>\n<p>Par exemple:<\/p>\n<ul>\n<li>Vous pouvez taguer ensemble des services d\u2019un de vos clients en particulier<\/li>\n<li>Vous pouvez taguer ensemble des services que vous offrez dans un pack, ou avec une r\u00e9duction<\/li>\n<li>Vous pouvez taguer ensemble des services pour lesquels vous offrez un support \u00e9tendu<\/li>\n<\/ul>\n<p>Les tags peuvent \u00eatre attribu\u00e9s aux produits suivants: noms de domaines, h\u00e9bergement d\u2019e-mail, h\u00e9bergement web, DNS &amp; redirection, sitebuilder et SSL.<\/p>\n<p><strong>DANS CET ARTICLE<\/strong><\/p>\n<p><a href=\"#h1\">Comment puis-je cr\u00e9er un tag?<\/a><\/p>\n<p><a href=\"#h2\">Comment puis-je attribuer des tags \u00e0 des groupes?<\/a><\/p>\n<p><a href=\"#h4\">Comment puis-je effectuer une recherche par tag?<\/a><\/p>\n<h2 id=\"h1\">Comment puis-je cr\u00e9er un tag?<\/h2>\n<p><strong>Veuillez suivre les \u00e9tapes suivantes dans <a href=\"https:\/\/my.combell.com\/fr\" target=\"_blank\" rel=\"noopener\">le panneau de contr\u00f4le<\/a>:<\/strong><\/p>\n<ol>\n<li>Allez dans \u00ab\u00a0Param\u00e8tres\u00a0\u00bb &gt; \u00ab\u00a0Utilisateurs\u00a0\u00bb<\/li>\n<li>Dans le menu de gauche, choisissez \u00ab\u00a0Tags\u00a0\u00bb et cliquez ensuite sur \u00ab\u00a0Ajouter un tag\u00a0\u00bb<\/li>\n<li>Ajoutez un nom et une description et cliquez sur \u00ab\u00a0Ajouter un tag\u00a0\u00bb<\/li>\n<\/ol>\n<p><img loading=\"lazy\" decoding=\"async\" class=\"alignnone size-full wp-image-14973\" src=\"https:\/\/www.combell.com\/fr\/help\/wp-content\/uploads\/ajouter-un-tag.png\" alt=\"ajouter un tag\" width=\"2914\" height=\"1146\" \/><\/p>\n<p>&nbsp;<\/p>\n<h2 id=\"h2\">Comment puis-je attribuer des tags \u00e0 des groupes?<\/h2>\n<p><strong>Veuillez suivre les \u00e9tapes suivantes dans <a href=\"https:\/\/my.combell.com\/fr\" target=\"_blank\" rel=\"noopener\">le panneau de contr\u00f4le<\/a>:<\/strong><\/p>\n<ol>\n<li>Allez dans \u00ab\u00a0Param\u00e8tres\u00a0\u00bb &gt; \u00ab\u00a0Utilisateurs\u00a0\u00bb<\/li>\n<li>Dans le menu de gauche, choisissez \u00ab\u00a0Tags\u00a0\u00bb et cliquez ensuite sur \u00ab\u00a0Droits\u00a0\u00bb<\/li>\n<li>Vous pouvez maintenant voir les groupes de produits qui pourraient \u00eatre tagu\u00e9s<\/li>\n<li>Trouvez le groupe que vous souhaitez taguer et cliquez sur \u00ab\u00a0Sp\u00e9cifiez\u00a0\u00bb<\/li>\n<li>Cliquez sur le produit pour le surligner et le marquer.<\/li>\n<li>Les modifications sont imm\u00e9diatement appliqu\u00e9es. Il est inutile d\u2019enregistrer.<\/li>\n<\/ol>\n<p><img loading=\"lazy\" decoding=\"async\" class=\"alignnone size-full wp-image-14974\" src=\"https:\/\/www.combell.com\/fr\/help\/wp-content\/uploads\/attribuer-des-tags-\u00e0-des-groupes.png\" alt=\"attribuer des tags \u00e0 des groupes\" width=\"2890\" height=\"1682\" \/><\/p>\n<p>&nbsp;<\/p>\n<h2 id=\"h4\">Comment puis-je effectuer une recherche par tag?<\/h2>\n<p>Vous pouvez effectuer une recherche filtr\u00e9e au moyen d\u2019un tag dans la page d\u2019accueil du <a href=\"https:\/\/my.combell.com\/fr\" target=\"_blank\" rel=\"noopener\">panneau de contr\u00f4le<\/a>, ainsi que dans n\u2019importe quelle page d\u2019aper\u00e7u de produit.<\/p>\n<p>&nbsp;<\/p>\n<p><img loading=\"lazy\" decoding=\"async\" class=\"alignnone wp-image-14976 size-large\" src=\"https:\/\/www.combell.com\/fr\/help\/wp-content\/uploads\/une-recherche-filtr\u00e9e-au-moyen-d\u2019un-tag-1024x103.png\" alt=\"une recherche filtr\u00e9e au moyen d\u2019un tag\" width=\"643\" height=\"65\" \/><\/p>\n<p>Une fois que vous avez filtr\u00e9 les produits \u00e9tiquet\u00e9s au moyen de ce tag, vous pouvez acc\u00e9der \u00e0 la gestion de ce produit ou exporter une liste des produits \u00e9tiquet\u00e9s au format .csv, .xls ou .pdf.<\/p>\n<p><img loading=\"lazy\" decoding=\"async\" class=\"alignnone wp-image-14977 size-medium\" src=\"https:\/\/www.combell.com\/fr\/help\/wp-content\/uploads\/exporter-une-liste-des-produits-\u00e9tiquet\u00e9s-300x79.png\" alt=\"exporter une liste des produits \u00e9tiquet\u00e9s\" width=\"300\" height=\"79\" \/><\/p>\n","protected":false},"excerpt":{"rendered":"<p>Les tags sont des \u00e9tiquettes que vous pouvez attribuer \u00e0 vos produits pour faciliter leur gestion. Par exemple: Vous pouvez taguer ensemble des services d\u2019un de vos clients en particulier Vous pouvez taguer ensemble des services que vous offrez dans un pack, ou avec une r\u00e9duction Vous pouvez taguer ensemble&#8230;<\/p>\n","protected":false},"author":1,"comment_status":"closed","ping_status":"closed","template":"","format":"standard","meta":{"footnotes":""},"ht-kb-category":[30,13],"ht-kb-tag":[],"acf":[],"_links":{"self":[{"href":"https:\/\/www.combell.com\/fr\/help\/wp-json\/wp\/v2\/ht-kb\/760"}],"collection":[{"href":"https:\/\/www.combell.com\/fr\/help\/wp-json\/wp\/v2\/ht-kb"}],"about":[{"href":"https:\/\/www.combell.com\/fr\/help\/wp-json\/wp\/v2\/types\/ht_kb"}],"author":[{"embeddable":true,"href":"https:\/\/www.combell.com\/fr\/help\/wp-json\/wp\/v2\/users\/1"}],"replies":[{"embeddable":true,"href":"https:\/\/www.combell.com\/fr\/help\/wp-json\/wp\/v2\/comments?post=760"}],"version-history":[{"count":16,"href":"https:\/\/www.combell.com\/fr\/help\/wp-json\/wp\/v2\/ht-kb\/760\/revisions"}],"predecessor-version":[{"id":3897,"href":"https:\/\/www.combell.com\/fr\/help\/wp-json\/wp\/v2\/ht-kb\/760\/revisions\/3897"}],"wp:attachment":[{"href":"https:\/\/www.combell.com\/fr\/help\/wp-json\/wp\/v2\/media?parent=760"}],"wp:term":[{"taxonomy":"ht_kb_category","embeddable":true,"href":"https:\/\/www.combell.com\/fr\/help\/wp-json\/wp\/v2\/ht-kb-category?post=760"},{"taxonomy":"ht_kb_tag","embeddable":true,"href":"https:\/\/www.combell.com\/fr\/help\/wp-json\/wp\/v2\/ht-kb-tag?post=760"}],"curies":[{"name":"wp","href":"https:\/\/api.w.org\/{rel}","templated":true}]}}

Ajouter des étiquettes à vos produits

<p>Les tags sont des étiquettes que vous pouvez attribuer à vos produits pour faciliter leur gestion.</p>
<p>Par exemple:</p>
<ul>
<li>Vous pouvez taguer ensemble des services d’un de vos clients en particulier</li>
<li>Vous pouvez taguer ensemble des services que vous offrez dans un pack, ou avec une réduction</li>
<li>Vous pouvez taguer ensemble des services pour lesquels vous offrez un support étendu</li>
</ul>
<p>Les tags peuvent être attribués aux produits suivants: noms de domaines, hébergement d’e-mail, hébergement web, DNS &amp; redirection, sitebuilder et SSL.</p>
<p><strong>DANS CET ARTICLE</strong></p>
<p><a href="#h1">Comment puis-je créer un tag?</a></p>
<p><a href="#h2">Comment puis-je attribuer des tags à des groupes?</a></p>
<p><a href="#h4">Comment puis-je effectuer une recherche par tag?</a></p>
<h2 id="h1">Comment puis-je créer un tag?</h2>
<p><strong>Veuillez suivre les étapes suivantes dans <a href="https://my.combell.com/fr" target="_blank" rel="noopener">le panneau de contrôle</a>:</strong></p>
<ol>
<li>Allez dans « Paramètres » &gt; « Utilisateurs »</li>
<li>Dans le menu de gauche, choisissez « Tags » et cliquez ensuite sur « Ajouter un tag »</li>
<li>Ajoutez un nom et une description et cliquez sur « Ajouter un tag »</li>
</ol>
<p><img loading="lazy" decoding="async" class="alignnone size-full wp-image-14973" src="https://www.combell.com/fr/help/wp-content/uploads/ajouter-un-tag.png" alt="ajouter un tag" width="2914" height="1146" /></p>
<p>&nbsp;</p>
<h2 id="h2">Comment puis-je attribuer des tags à des groupes?</h2>
<p><strong>Veuillez suivre les étapes suivantes dans <a href="https://my.combell.com/fr" target="_blank" rel="noopener">le panneau de contrôle</a>:</strong></p>
<ol>
<li>Allez dans « Paramètres » &gt; « Utilisateurs »</li>
<li>Dans le menu de gauche, choisissez « Tags » et cliquez ensuite sur « Droits »</li>
<li>Vous pouvez maintenant voir les groupes de produits qui pourraient être tagués</li>
<li>Trouvez le groupe que vous souhaitez taguer et cliquez sur « Spécifiez »</li>
<li>Cliquez sur le produit pour le surligner et le marquer.</li>
<li>Les modifications sont immédiatement appliquées. Il est inutile d’enregistrer.</li>
</ol>
<p><img loading="lazy" decoding="async" class="alignnone size-full wp-image-14974" src="https://www.combell.com/fr/help/wp-content/uploads/attribuer-des-tags-à-des-groupes.png" alt="attribuer des tags à des groupes" width="2890" height="1682" /></p>
<p>&nbsp;</p>
<h2 id="h4">Comment puis-je effectuer une recherche par tag?</h2>
<p>Vous pouvez effectuer une recherche filtrée au moyen d’un tag dans la page d’accueil du <a href="https://my.combell.com/fr" target="_blank" rel="noopener">panneau de contrôle</a>, ainsi que dans n’importe quelle page d’aperçu de produit.</p>
<p>&nbsp;</p>
<p><img loading="lazy" decoding="async" class="alignnone wp-image-14976 size-large" src="https://www.combell.com/fr/help/wp-content/uploads/une-recherche-filtrée-au-moyen-d’un-tag-1024x103.png" alt="une recherche filtrée au moyen d’un tag" width="643" height="65" /></p>
<p>Une fois que vous avez filtré les produits étiquetés au moyen de ce tag, vous pouvez accéder à la gestion de ce produit ou exporter une liste des produits étiquetés au format .csv, .xls ou .pdf.</p>
<p><img loading="lazy" decoding="async" class="alignnone wp-image-14977 size-medium" src="https://www.combell.com/fr/help/wp-content/uploads/exporter-une-liste-des-produits-étiquetés-300x79.png" alt="exporter une liste des produits étiquetés" width="300" height="79" /></p>

<p>Les tags sont des étiquettes que vous pouvez attribuer à vos produits pour faciliter leur gestion. Par exemple: Vous pouvez taguer ensemble des services d’un de vos clients en particulier Vous pouvez taguer ensemble des services que vous offrez dans un pack, ou avec une réduction Vous pouvez taguer ensemble&#8230;</p>
