{"id":4348,"date":"2023-11-27T14:56:00","date_gmt":"2023-11-27T13:56:00","guid":{"rendered":"https:\/\/www.combell.com\/fr\/help\/?post_type=ht_kb&#038;p=4348"},"modified":"2025-02-11T13:22:09","modified_gmt":"2025-02-11T12:22:09","slug":"transferez-votre-environnement-microsoft-365-chez-nous","status":"publish","type":"ht_kb","link":"https:\/\/www.combell.com\/fr\/help\/kb\/transferez-votre-environnement-microsoft-365-chez-nous\/","title":{"rendered":"Transf\u00e9rez votre environnement Microsoft 365 chez nous"},"content":{"rendered":"\n<p>D\u00e9placez votre environnement Microsoft 365 (tenant) vers Combell. De cette fa\u00e7on, vous b\u00e9n\u00e9ficiez \u00e9galement de notre support 24\/7 dans votre propre langue.<\/p>\n\n\n\n<p><meta charset=\"utf-8\">Combell propose tous les packages et add-ons Microsoft. Pour que votre d\u00e9m\u00e9nagement se passe le mieux possible, commandez d\u00e8s maintenant toutes les licences dont vous avez besoin.<\/p>\n\n\n\n<h2 class=\"wp-block-heading\" id=\"h-activez-votre-environnement-microsoft-365-chez-brandname\">Activez votre environnement Microsoft 365 chez Combell<\/h2>\n\n\n\n<p>Apr\u00e8s votre commande, vous recevrez un e-mail pour commencer.<\/p>\n\n\n\n<p><strong>Suivez les \u00e9tapes suivantes dans notre <a href=\"https:\/\/my.combell.com\/fr\" target=\"_blank\" rel=\"noopener\">panneau de contr\u00f4le<\/a> pour d\u00e9placer votre Microsoft 365 vers Combell<\/strong><\/p>\n\n\n\n<ol>\n<li>Allez dans \u00ab\u00a0Mes produits\u00a0\u00bb > \u00ab\u00a0Microsoft 365\u00a0\u00bb (ou cliquez sur le bouton dans le courrier qui indique que votre environnement Microsoft 365 est pr\u00eat \u00e0 \u00eatre utilis\u00e9).<\/li>\n\n\n\n<li>Choisissez \u00ab\u00a0D\u00e9placer un environnement Microsoft vers Combell\u00a0\u00bb et entrez votre tenant. Il s&rsquo;agit souvent de votre nom de domaine suivi de .onmicrosoft.com.<img decoding=\"async\" class=\"wp-image-23450\" style=\"width: 750px;\" src=\"https:\/\/www.combell.com\/fr\/help\/wp-content\/uploads\/Screenshot-2023-11-27-134219.png\" alt=\"\"><\/li>\n\n\n\n<li>Vous recevrez une confirmation que votre tenant existe d\u00e9j\u00e0.<\/li>\n\n\n\n<li>Pour compl\u00e9ter le d\u00e9m\u00e9nagement, vous devez accorder \u00e0 Combell les droits de gestion de votre environnement via notre panneau de contr\u00f4le. Pour ce faire, cliquez sur le lien. Vous avez besoin des donn\u00e9es de connexion de l&rsquo;administrateur.<img decoding=\"async\" class=\"wp-image-23452\" style=\"width: 750px;\" src=\"https:\/\/www.combell.com\/fr\/help\/wp-content\/uploads\/Screenshot-2023-11-27-134414-1.png\" alt=\"\"><\/li>\n\n\n\n<li>Le proc\u00e9d\u00e9 est-il termin\u00e9 ? Cliquez maintenant sur \u00ab\u00a0V\u00e9rifier les autorisations\u00a0\u00bb.<\/li>\n\n\n\n<li>D\u00e8s que nous aurons obtenu les autorisations n\u00e9cessaires, vous recevrez une confirmation que le transfert a \u00e9t\u00e9 effectu\u00e9. Vous obtiendrez imm\u00e9diatement un aper\u00e7u de tous vos utilisateurs et licences.<\/li>\n<\/ol>\n\n\n\n<p class=\"wp-block-ht-blocks-messages wp-block-hb-message wp-block-hb-message--withicon is-style-info\">Vous n&rsquo;avez pas encore toutes vos licences ? Vous recevrez alors un retour d&rsquo;information sur le nombre de licences qui vous manquent.<\/p>\n","protected":false},"excerpt":{"rendered":"<p>D\u00e9placez votre environnement Microsoft 365 (tenant) vers Combell. De cette fa\u00e7on, vous b\u00e9n\u00e9ficiez \u00e9galement de notre support 24\/7 dans votre propre langue. Combell propose tous les packages et add-ons Microsoft. Pour que votre d\u00e9m\u00e9nagement se passe le mieux possible, commandez d\u00e8s maintenant toutes les licences dont vous avez besoin. Activez&#8230;<\/p>\n","protected":false},"author":1,"comment_status":"closed","ping_status":"closed","template":"","format":"standard","meta":{"footnotes":""},"ht-kb-category":[217],"ht-kb-tag":[],"acf":[],"_links":{"self":[{"href":"https:\/\/www.combell.com\/fr\/help\/wp-json\/wp\/v2\/ht-kb\/4348"}],"collection":[{"href":"https:\/\/www.combell.com\/fr\/help\/wp-json\/wp\/v2\/ht-kb"}],"about":[{"href":"https:\/\/www.combell.com\/fr\/help\/wp-json\/wp\/v2\/types\/ht_kb"}],"author":[{"embeddable":true,"href":"https:\/\/www.combell.com\/fr\/help\/wp-json\/wp\/v2\/users\/1"}],"replies":[{"embeddable":true,"href":"https:\/\/www.combell.com\/fr\/help\/wp-json\/wp\/v2\/comments?post=4348"}],"version-history":[{"count":2,"href":"https:\/\/www.combell.com\/fr\/help\/wp-json\/wp\/v2\/ht-kb\/4348\/revisions"}],"predecessor-version":[{"id":4530,"href":"https:\/\/www.combell.com\/fr\/help\/wp-json\/wp\/v2\/ht-kb\/4348\/revisions\/4530"}],"wp:attachment":[{"href":"https:\/\/www.combell.com\/fr\/help\/wp-json\/wp\/v2\/media?parent=4348"}],"wp:term":[{"taxonomy":"ht_kb_category","embeddable":true,"href":"https:\/\/www.combell.com\/fr\/help\/wp-json\/wp\/v2\/ht-kb-category?post=4348"},{"taxonomy":"ht_kb_tag","embeddable":true,"href":"https:\/\/www.combell.com\/fr\/help\/wp-json\/wp\/v2\/ht-kb-tag?post=4348"}],"curies":[{"name":"wp","href":"https:\/\/api.w.org\/{rel}","templated":true}]}}

Transférez votre environnement Microsoft 365 chez nous

<p>Déplacez votre environnement Microsoft 365 (tenant) vers Combell. De cette façon, vous bénéficiez également de notre support 24/7 dans votre propre langue.</p>



<p><meta charset="utf-8">Combell propose tous les packages et add-ons Microsoft. Pour que votre déménagement se passe le mieux possible, commandez dès maintenant toutes les licences dont vous avez besoin.</p>



<h2 class="wp-block-heading" id="h-activez-votre-environnement-microsoft-365-chez-brandname">Activez votre environnement Microsoft 365 chez Combell</h2>



<p>Après votre commande, vous recevrez un e-mail pour commencer.</p>



<p><strong>Suivez les étapes suivantes dans notre <a href="https://my.combell.com/fr" target="_blank" rel="noopener">panneau de contrôle</a> pour déplacer votre Microsoft 365 vers Combell</strong></p>



<ol>
<li>Allez dans « Mes produits » > « Microsoft 365 » (ou cliquez sur le bouton dans le courrier qui indique que votre environnement Microsoft 365 est prêt à être utilisé).</li>



<li>Choisissez « Déplacer un environnement Microsoft vers Combell » et entrez votre tenant. Il s&rsquo;agit souvent de votre nom de domaine suivi de .onmicrosoft.com.<img decoding="async" class="wp-image-23450" style="width: 750px;" src="https://www.combell.com/fr/help/wp-content/uploads/Screenshot-2023-11-27-134219.png" alt=""></li>



<li>Vous recevrez une confirmation que votre tenant existe déjà.</li>



<li>Pour compléter le déménagement, vous devez accorder à Combell les droits de gestion de votre environnement via notre panneau de contrôle. Pour ce faire, cliquez sur le lien. Vous avez besoin des données de connexion de l&rsquo;administrateur.<img decoding="async" class="wp-image-23452" style="width: 750px;" src="https://www.combell.com/fr/help/wp-content/uploads/Screenshot-2023-11-27-134414-1.png" alt=""></li>



<li>Le procédé est-il terminé ? Cliquez maintenant sur « Vérifier les autorisations ».</li>



<li>Dès que nous aurons obtenu les autorisations nécessaires, vous recevrez une confirmation que le transfert a été effectué. Vous obtiendrez immédiatement un aperçu de tous vos utilisateurs et licences.</li>
</ol>



<p class="wp-block-ht-blocks-messages wp-block-hb-message wp-block-hb-message--withicon is-style-info">Vous n&rsquo;avez pas encore toutes vos licences ? Vous recevrez alors un retour d&rsquo;information sur le nombre de licences qui vous manquent.</p>

<p>Déplacez votre environnement Microsoft 365 (tenant) vers Combell. De cette façon, vous bénéficiez également de notre support 24/7 dans votre propre langue. Combell propose tous les packages et add-ons Microsoft. Pour que votre déménagement se passe le mieux possible, commandez dès maintenant toutes les licences dont vous avez besoin. Activez&#8230;</p>
